the highest common factor of 7856 and 544?
16
Calculate the highest common factor of 249331 and 334.
167
What is the highest common divisor of 3562592 and 928?
928
What is the greatest common divisor of 44 and 581636?
44
Calculate the highest common factor of 10627 and 13.
1
Calculate the greatest common factor of 728 and 10528.
56
What is the greatest common divisor of 25379 and 4?
1
Calculate the highest common factor of 124488 and 30.
6
Calculate the greatest common divisor of 81 and 69687.
27
Calculate the greatest common factor of 317392 and 9082.
478
Calculate the greatest common factor of 97681 and 14973.
713
What is the highest common divisor of 3496 and 1679?
23
Calculate the greatest common divisor of 254180 and 37590.
1790
What is the highest common divisor of 736834 and 14?
14
What is the greatest common divisor of 110360 and 248?
248
What is the highest common factor of 1041251 and 2956?
739
What is the highest common factor of 68301 and 36?
9
What is the highest common divisor of 1582 and 434?
14
Calculate the greatest common divisor of 242 and 2.
2
Calculate the greatest common divisor of 11106 and 450.
18
Calculate the greatest common divisor of 239 and 119261.
239
Calculate the highest common divisor of 32 and 6944.
32
What is the highest common divisor of 4113820 and 20?
20
Calculate the greatest common factor of 1353 and 171.
3
Calculate the greatest common divisor of 10 and 528890.
10
Calculate the greatest common divisor of 42919 and 5344.
167
What is the greatest common divisor of 27434 and 2365?
473
What is the greatest common divisor of 360 and 64512?
72
What is the highest common divisor of 55550 and 220?
110
Calculate the greatest common factor of 1032 and 1849.
43
Calculate the greatest common factor of 102 and 993378.
102
What is the highest common factor of 8769 and 42?
3
What is the highest common divisor of 1 and 26864?
1
What is the highest common divisor of 1742 and 37118?
134
Calculate the highest common factor of 2862 and 4876.
106
Calculate the greatest common divisor of 43 and 324005.
43
Calculate the highest common factor of 31260 and 600.
60
Calculate the highest common divisor of 1188 and 6750.
54
Calculate the highest common divisor of 205 and 15457.
41
What is the highest common divisor of 6670 and 138?
46
What is the greatest common divisor of 304 and 15768?
8
Calculate the greatest common factor of 4290 and 290433.
429
What is the greatest common divisor of 445369 and 74?
37
Calculate the greatest common factor of 11826 and 144.
18
What is the highest common factor of 2493 and 1017?
9
What is the greatest common factor of 584 and 44822?
146
What is the highest common factor of 218 and 1909898?
218
Calculate the greatest common divisor of 35 and 63.
7
What is the highest common factor of 14 and 699566?
14
Calculate the greatest common factor of 984 and 264.
24
What is the greatest common factor of 35049 and 511?
7
Calculate the greatest common factor of 17 and 920839.
17
What is the highest common divisor of 18 and 29058?
6
Calculate the highest common divisor of 151710 and 75.
15
What is the highest common divisor of 207 and 20362176?
207
Calculate the highest common factor of 342 and 77824.
38
What is the highest common factor of 65446 and 43?
43
Calculate the highest common factor of 24220438 and 22.
22
Calculate the greatest common factor of 190 and 31312.
38
Calculate the highest common factor of 60 and 97710.
30
Calculate the greatest common divisor of 39 and 7872033.
39
What is the highest common factor of 47092 and 579?
193
Calculate the greatest common divisor of 4763 and 99157.
433
Calculate the highest common factor of 1054776 and 324.
12
Calculate the highest common factor of 1154670 and 110.
110
What is the greatest common divisor of 1605 and 55640?
535
What is the greatest common divisor of 70 and 84266?
14
Calculate the highest common factor of 2823954 and 7576.
1894
Calculate the greatest common divisor of 528633 and 4536.
189
Calculate the highest common factor of 201 and 1041.
3
What is the greatest common divisor of 11 and 8282769?
11
Calculate the highest common factor of 81660 and 120.
60
Calculate the highest common divisor of 8 and 26546.
2
Calculate the highest common factor of 15859907 and 757.
757
What is the greatest common factor of 1962 and 6057?
9
What is the highest common factor of 31328 and 310343?
979
Calculate the greatest common divisor of 16 and 712592.
16
Calculate the greatest common factor of 295 and 4527955.
295
Calculate the highest common divisor of 3324 and 96.
12
What is the highest common divisor of 30228 and 11?
11
What is the highest common divisor of 146 and 218854?
146
Calculate the greatest common factor of 3384 and 360.
72
What is the highest common divisor of 723 and 9?
3
What is the greatest common divisor of 79 and 78289?
79
What is the highest common divisor of 4720 and 67732?
236
Calculate the highest common divisor of 3 and 1274985.
3
What is the highest common divisor of 1563222 and 219?
219
Calculate the highest common factor of 612584 and 112.
56
Calculate the greatest common divisor of 29928 and 52890.
258
What is the highest common divisor of 2169 and 69444?
9
Calculate the greatest common divisor of 218773 and 757.
757
Calculate the greatest common divisor of 131518 and 38.
38
Calculate the highest common divisor of 18285 and 19665.
345
What is the highest common factor of 23 and 82593?
23
Calculate the greatest common divisor of 1730052 and 18.
18
Calculate the greatest common factor of 1268535 and 15.
15
What is the highest common factor of 91 and 133588?
91
What is the greatest common divisor of 196811 and 46?
23
What is the highest common divisor of 8919 and 2313?
9
What is the greatest common factor of 3848 and 3224?
104
Calculate the highest common factor of 101075 and 130.
65
Calculate the highest common divisor of 384 and 717312.
384
Calculate the highest common divisor of 13021904 and 998.
998
What is the greatest common divisor of 304040 and 11?
11
Calculate the greatest common divisor of 52 and 293.
1
What is the greatest common factor of 29 and 914747?
29
What is the highest common divisor of 300819 and 591?
591
Calculate the greatest common factor of 390996 and 396.
36
What is the greatest common divisor of 18900 and 8631?
63
What is the greatest common divisor of 831 and 8058207?
831
Calculate the highest common divisor of 35108 and 109778.
262
Calculate the greatest common divisor of 57553 and 27488.
859
Calculate the highest common factor of 2178 and 33154.
242
What is the greatest common factor of 33777 and 5421?
417
Calculate the greatest common factor of 470 and 76690.
10
Calculate the greatest common factor of 4 and 1666.
2
What is the highest common factor of 330 and 354310?
110
What is the highest common factor of 191007 and 513?
171
Calculate the greatest common divisor of 235 and 28717.
47
What is the highest common divisor of 134525 and 100?
25
Calculate the greatest common divisor of 24653 and 2216.
277
What is the highest common factor of 135824 and 624?
208
Calculate the highest common divisor of 34117 and 99221.
313
What is the highest common divisor of 40 and 83440?
40
What is the highest common divisor of 2958 and 899?
29
What is the highest common factor of 3108 and 2436?
84
Calculate the greatest common factor of 77372 and 4669.
667
Calculate the greatest common divisor of 4012 and 1804.
4
What is the highest common factor of 1544 and 10608?
8
What is the greatest common factor of 384867 and 2214?
369
Calculate the highest common divisor of 122530 and 10.
10
Calculate the highest common factor of 56 and 243432.
56
What is the highest common factor of 1888 and 29972?
236
Calculate the greatest common factor of 9 and 120735.
9
What is the highest common factor of 854388 and 216?
108
What is the greatest common divisor of 7 and 9037?
7
Calculate the highest common factor of 143 and 11947.
13
Calculate the greatest common divisor of 328460 and 220.
220
Calculate the greatest common factor of 5189248 and 71.
71
What is the greatest common divisor of 4661 and 24727?
79
What is the highest common factor of 454963 and 393?
131
What is the greatest common factor of 1825 and 193825?
25
What is the highest commo